et o(w) = 6302*w - 18785. Give o(3).
121
Let n(h) = -6665*h + 2266088. Calculate n(340).
-12
Let d(f) = -1108*f**2 + 74231*f + 336. Determine d(67).
1
Let t(d) = -647400*d - 8416198. Determine t(-13).
2
Let w(k) = k**3 + 13*k**2 - 3*k - 59. Calculate w(-6).
211
Let w(b) = -2*b**2 - 59*b - 679. Calculate w(-20).
-299
Let i(s) = s**3 - 9*s**2 - 2257*s + 3306. Determine i(-44).
6
Let g(v) = -v**2 - 12371*v + 136246. What is g(11)?
44
Let i(t) = 4*t**3 - 9*t**2 - 49*t + 242. Give i(4).
158
Let z(y) = -941*y + 2550. Calculate z(4).
-1214
Let l(y) = -y**3 - 49*y**2 + 1256*y - 2595. Determine l(-68).
-147
Let u(c) = 23*c**2 + 507*c + 7554. Calculate u(-14).
4964
Let v(j) = -j**2 - 518*j - 55020. Determine v(-150).
180
Let d(h) = h**3 + 1188*h**2 - 7106*h + 69235. Give d(-1194).
-17
Let i(v) = 822238*v - 23844896. Calculate i(29).
6
Let k(t) = -t**3 - 44*t**2 + 1356*t + 189. Calculate k(21).
0
Let g(v) = -55*v**2 - 18935*v - 5156. Calculate g(-344).
4
Let x(b) = -b**3 - 37*b**2 + 309*b - 608. What is x(3)?
-41
Let o(u) = 1626697*u - 4880146. Give o(3).
-55
Let m(i) = -1532*i**2 + 229*i + 231. Calculate m(-1).
-1530
Let b(o) = -6453*o + 7352. Give b(1).
899
Let n(k) = -k**3 - 377*k**2 + 343*k - 13235. What is n(-378)?
-5
Let w(x) = -x**3 - 55*x**2 - 922*x - 4402. Calculate w(-22).
-90
Let l(w) = -1764*w - 16241. Calculate l(-8).
-2129
Let a(i) = i**3 - 155*i**2 + 6000*i - 276. Give a(81).
210
Let j(d) = -d**3 - 141*d**2 - 88*d - 12947. Give j(-141).
-539
Let v(t) = 7*t**3 - 69*t**2 + 31*t - 2. Determine v(9).
-209
Let x(s) = -11347*s - 351279. Calculate x(-31).
478
Let c(y) = 34*y**2 - 8844*y + 18586. Determine c(258).
10
Let m(q) = q**3 - 243*q**2 + 7624*q - 106. Calculate m(37).
-32
Let z(x) = -356*x**2 - 11*x + 46. Give z(2).
-1400
Let i(w) = 84587*w + 4398566. Give i(-52).
42
Let m(y) = y**2 - 96*y - 25150. Determine m(-118).
102
Let p(c) = 2056*c - 201468. Calculate p(98).
20
Let k(z) = 108*z - 1521. Determine k(33).
2043
Let a(n) = 3*n**3 + 6347*n**2 - 25435*n - 8. Give a(4).
-4
Let c(s) = 2105*s - 23033. Give c(9).
-4088
Let u(c) = 2*c**3 + c**2 + 45*c - 2609. What is u(0)?
-2609
Let a(f) = -f**3 + 41*f**2 - 404*f + 257. What is a(14)?
-107
Let r(b) = 2*b**3 + 130*b**2 + 403*b + 1763. Calculate r(-62).
-159
Let c(s) = -126214*s + 1262173. Give c(10).
33
Let u(a) = 13*a**3 - 20*a**2 - 812*a + 1626. Determine u(2).
26
Let l(t) = -t**3 + 333*t**2 - 12449*t - 872. Calculate l(43).
31
Let o(j) = 13213*j - 184976. Give o(14).
6
Let x(o) = 366785*o + 733559. What is x(-2)?
-11
Let m(b) = 4*b**3 - 23*b**2 + 88*b - 22. What is m(3)?
143
Let i(a) = 2*a**3 + 3*a**2 + 4*a - 70. Calculate i(-7).
-637
Let q(h) = -h**3 - 17*h**2 + 35*h - 74. What is q(-19)?
-17
Let y(m) = -934*m**2 + 5627*m - 128. Give y(6).
10
Let t(s) = 24667*s + 493340. Calculate t(-20).
0
Let w(g) = -g**3 + 58*g**2 + 57*g - 26. Calculate w(59).
-144
Let y(l) = -132*l**2 + 55438*l + 822. What is y(420)?
-18
Let t(q) = -q**3 - 30*q**2 - 25*q + 115. What is t(-29)?
-1
Let k(n) = n**3 - 45*n**2 + 105*n - 5541. What is k(46)?
1405
Let b(a) = 217*a - 4610. Give b(22).
164
Let v(c) = 16454*c + 312635. What is v(-19)?
9
Let p(c) = -574*c**3 - 34*c + 34. Determine p(1).
-574
Let o(x) = 2*x**2 + 12738*x - 89211. What is o(7)?
53
Let i(c) = c**2 + 58236*c + 116480. Give i(-2).
12
Let k(x) = -1008*x - 121990. What is k(-121)?
-22
Let n(d) = -2561*d - 445614. Give n(-174).
0
Let v(w) = -w**3 - 39*w**2 - 110*w + 741. Calculate v(-33).
-2163
Let g(f) = 42*f**2 + 746*f - 740. Calculate g(1).
48
Let y(t) = 8*t**2 - 194*t + 1299. Give y(8).
259
Let h(g) = -9396*g - 244254. Give h(-26).
42
Let o(w) = -w**3 + 40*w**2 + 128*w + 2180. Determine o(44).
68
Let g(m) = -6052*m + 108940. Calculate g(18).
4
Let w(u) = -1282*u - 65349. Determine w(-51).
33
Let k(i) = 831*i + 16983. Calculate k(-19).
1194
Let s(k) = -7807*k + 15599. Give s(2).
-15
Let w(a) = a**3 - 74*a**2 + 257*a + 76. Give w(4).
-16
Let d(n) = -561*n**2 - 1256*n - 680. What is d(-1)?
15
Let v(a) = 5*a**3 + 190*a**2 - 193*a + 194. Give v(-39).
116
Let g(b) = -b**3 + 203*b**2 - 9*b + 1906. What is g(203)?
79
Let r(d) = 2*d**2 + 55*d + 344. What is r(-16)?
-24
Let m(l) = -32017*l + 3842096. Calculate m(120).
56
Let d(t) = -408*t + 55302. Calculate d(136).
-186
Let f(r) = -843*r - 19169. Give f(-23).
220
Let l(n) = n**3 + 197*n**2 - 8932*n + 35. Give l(38).
-41
Let i(m) = m**2 - 7913*m + 47436. Calculate i(6).
-6
Let f(y) = 2*y**2 + 15805*y - 396374. Determine f(25).
1
Let u(y) = 22715*y**2 - 340723*y - 30. What is u(15)?
0
Let k(p) = 6*p**2 - 65*p + 60. What is k(1)?
1
Let v(s) = -s**3 - 40*s**2 - 389*s + 285. What is v(-20)?
65
Let s(i) = -4*i**2 + 216*i + 82339. What is s(-119)?
-9
Let h(j) = -j**2 - 1654*j + 763282. What is h(376)?
2
Let d(l) = -53*l**2 + 11*l + 138. Give d(-6).
-1836
Let q(b) = -b**3 - 247*b**2 + 5975*b + 15308. Give q(-269).
-25
Let x(u) = 15*u**2 + 3220*u - 23279. What is x(7)?
-4
Let g(c) = 2520*c + 55356. Give g(-22).
-84
Let g(f) = f**3 - 3*f**2 - 7741*f + 30941. Give g(4).
-7
Let z(r) = -1554*r - 702432. Calculate z(-452).
-24
Let y(w) = -1674*w - 1269. What is y(-2)?
2079
Let y(s) = 1839*s - 4410. What is y(3)?
1107
Let w(p) = -16919*p + 2385600. Calculate w(141).
21
Let f(r) = 11*r**2 + 2465*r - 14792. Calculate f(6).
394
Let g(q) = 1011*q + 22341. Give g(-22).
99
Let b(h) = -143*h**2 + 577*h - 119. What is b(4)?
-99
Let w(r) = -13704*r - 71863. Calculate w(-5).
-3343
Let j(t) = t**2 - 31*t + 380. Give j(0).
380
Let p(q) = -1017*q + 32302. Determine p(32).
-242
Let o(n) = -1035*n + 260836. Calculate o(252).
16
Let h(b) = -20*b**2 - 470*b - 2717. What is h(-6)?
-617
Let d(k) = k**3 + 103*k**2 - 926*k + 9208. Calculate d(-112).
24
Let t(a) = -a**2 - 17588*a - 474142. Calculate t(-27).
5
Let s(a) = -311*a - 3409. What is s(-12)?
323
Let v(y) = -27173*y + 54373. What is v(2)?
27
Let t(c) = 2448*c - 14645. Give t(6).
43
Let d(k) = -2*k**3 + 118*k**2 + 40*k - 33. Give d(59).
2327
Let l(c) = -c**2 + 1078*c - 124167. What is l(131)?
-110
Let p(d) = -3*d**3 - 28*d**2 + 92*d + 119. Give p(4).
-153
Let k(a) = -a**2 + 281*a + 9152069. What is k(3169)?
-3
Let y(b) = -205*b + 6340. Give y(31).
-15
Let p(f) = -23812*f - 21. Give p(0).
-21
Let j(t) = 141*t**2 + 730*t + 2179. What is j(-3)?
1258
Let y(z) = 9*z**3 + 44*z**2 + 28*z + 62. Calculate y(-4).
78
Let o(j) = 23*j**2 + 163*j - 1753. Determine o(-17).
2123
Let v(s) = 3*s**3 + 72*s**2 + 434*s - 4. Give v(-12).
-28
Let f(u) = 4*u**3 - 63*u**2 + 901*u - 14675. Calculate f(16).
-3
Let j(y) = y**2 - 3*y - 176799. Determine j(422).
19
Let h(d) = -51*d**2 + 540*d + 1602. Calculate h(13).
3
Let v(l) = l**2 + 756*l - 12673. What is v(16)?
-321
Let l(s) = -49*s**2 + 1422*s + 63. Calculate l(29).
92
Let r(t) = -2*t**2 - 30*t - 202. Determine r(-20).
-402
Let m(p) = -2*p**3 - 215*p**2 - 2780*p - 78. What is m(-15)?
-3
Let n(b) = 57530*b + 115126. Determine n(-2).
66
Let w(v) = 16207*v + 21782218. Determine w(-1344).
10
Let f(k) = -6*k**3 + 1376*k**2 + 377*k - 191197. Calculate f(229).
18
Let v(d) = -d**2 + 218*d - 8464. What is v(168)?
-64
Let m(x) = x**3 - 78*x**2 - 1421*x + 110741. Determine m(78).
-97
Let k(l) = 13*l**2 + 4193*l + 36667. Give k(-9).
-17
Let i(m) = m**3 - 632*m**2 + 755*m - 78239. Calculate i(631).
5
Let s(j) = j**2 - 165*j + 447. Calculate s(3).
-39
Let t(b) = -145*b + 7631. What is t(42)?
1541
Let i(c) = -11*c**2 - 575*c - 7491. What is i(-26)?
23
Let m(n) = 4*n**2 + 192*n - 1347. Calculate m(-49).
-1151
Let j(n) = -n**3 - 27*n**2 - 40*n - 7856. Calculate j(-33).
-2
Let t(g) = g**2 + 77*g - 22764. Give t(-192).
-684
Let m(t) = 328*t + 118433. What is m(-361)?
25
Let i(l) = 124853*l - 249689. Calculate i(2).
17
Let t(w) = 874*w - 33037. What is t(39)?
1049
Let i(p) = 51*p**2 - 3587*p + 1192. Calculate i(70).
2
Let t(k) = -1339*k + 17426. What is t(13)?
19
Let a(w) = -138*w**2 + 4556*w - 93. Determine a(33).
-27
Let p(l) = 2*l**3 - 22*l**2 - 9*l - 8. Determine p(12).
172
Let c(o) = 2925*o + 137480. Give c(-47).
5
Let d(k) = 4*k**2 - 651*k + 26129. Give d(72).
-7
Let x(q) = -3*q**3 - 335*q**2 + 127*q + 1663. What is x(-112)?
-17
Let o(n) = -n**3 + 59*n**2 + 19008*n - 1136872. Calculate o(60).
8
Let i(a) = -15*a**3 + 7400*a + 7399. Determine i(-1).
14
Let p(h) = -194*h**3 + 1